e the prime factors of j(-4)?
43
Suppose 2*i + 12 = -24. List the prime factors of 4 - (i + (-3)/(-3)).
3, 7
Suppose 2*a + 5*c = 8, 3*a + 4 - 7 = -3*c. Let u = 4 + a. Suppose 0 = 3*t - 4*t + u. List the prime factors of t.
3
List the prime factors of (-184)/(-44) + 8/(-44).
2
Suppose -2*g = -5*g + 150. List the prime factors of g.
2, 5
Let x(t) = t + 8. Let c(r) = -r - 19. Let d be c(-16). List the prime factors of x(d).
5
Let k(t) = 14*t**2 + 4*t + 19. List the prime factors of k(-4).
227
Suppose 4*o + 12 = -4*a, 5*a - 5*o + o = 30. Let g(s) = -2 + 4*s**3 + 4 + 5*s**a - 3*s**3. List the prime factors of g(-5).
2
Let a(g) = g**3 + 8*g**2 + 9*g + 4. Let d be a(-7). Let s = 14 + d. Suppose -5*y - 19 = -s*r + 12, 2*r + 2*y - 38 = 0. List the prime factors of r.
2, 7
Let l(s) = s**2 + 17*s - 13. Let y be l(-17). Let z be (0 - 5)/(2/(-10)). Let f = z + y. List the prime factors of f.
2, 3
Let h = 185 + -77. What are the prime factors of h?
2, 3
Suppose -3*u + 22 = 4. Suppose 3*r = 3*w - u, -4*r + r - 12 = -5*w. Suppose -3*j = 4*o - 19, -2*o + 0*o - 5*j - r = 0. List the prime factors of o.
7
List the prime factors of (-12576)/(-84) + 2/7.
2, 3, 5
Let z(y) = y**2 - y + 5. Let d be z(-4). Suppose 0*i - 21 = -b + i, -2*i = -b + d. What are the prime factors of b?
17
Suppose 21 + 9 = 5*h - 5*w, 6 = 3*h + w. Suppose 0 = -u - 2*i + 2, 1 = -h*u + 4*i - 3. What are the prime factors of 2*(1 - u) - -6?
2
Let n(y) = -y**3 - 9*y**2 - 9*y + 3. Let c be n(-8). Let r = c - -22. What are the prime factors of r?
3, 11
Let v(g) = g - 1. Let z be v(4). Suppose 0 = 3*l + z*q - 48, l + 3*q - 36 = -l. What are the prime factors of l?
2, 3
Suppose -5*x = 2*g + 11, -3*x + 2*x = -2*g + 7. Suppose 5*n + g*k - 120 = k, -5*n - 4*k = -105. Let o = -15 + n. List the prime factors of o.
2, 5
Let y = -28 - -51. Suppose 2*c - 3*c + y = 0. What are the prime factors of c?
23
Suppose -3*c + 1 = 3*d - 5, -d = 3*c - 2. What are the prime factors of (11 - -4) + (c - 0)?
3, 5
Let h be 2 - 50/(-2) - 1. Suppose h = y - 2. Suppose 2*o - y = d + d, -2*o - d = -13. List the prime factors of o.
3
Let g(o) = o**3 - 6*o**2 - 5*o - 9. Let j be g(7). Suppose j*p - 10 = 4*p. What are the prime factors of p?
2, 5
Suppose 3*z = -r + 2, -5*z - 2 = -r - z. Suppose r*s - 8 = -0. Suppose 0 = -a + s*t + 32, 3*t - 1 + 16 = 0. What are the prime factors of a?
2, 3
Let u be (16/(-6))/(10/(-15)). Suppose -3*n = 0, -u*q + 2*q - 2 = -4*n. Let m = 10 + q. List the prime factors of m.
3
Let l(q) = q + 1. Let v be l(3). Suppose 4*p - 12 = v*s - 96, p - 59 = -4*s. What are the prime factors of s?
2
List the prime factors of (-4 + -164)*(-6)/8.
2, 3, 7
Suppose 2*t = -7 + 1. Let o(w) = w**2 + 2*w + 1. What are the prime factors of o(t)?
2
Let f be 1 + 1 + (-1 - 1). Suppose f = 4*t - 7*t + 75. What are the prime factors of t?
5
Suppose 8*m = 3*m. Suppose 5*j - 4*j = 6. Let i = j + m. What are the prime factors of i?
2, 3
Suppose -3*i + i = 5*p - 254, -3*i = -5*p + 244. List the prime factors of p.
2, 5
What are the prime factors of (22 - 0)*403/62?
11, 13
Let k be (3 + 5)/(2/8). Suppose -3*h = -z + 4*z - 48, 3*z - 5*h = k. What are the prime factors of z?
2, 7
Let x(g) be the first derivative of 2*g**3/3 + 3*g**2 - 6*g + 1. Let r be x(-5). Suppose 3*m = 5*m - r. List the prime factors of m.
7
Suppose -7*d + 3*d = 4*m - 444, -4*d - 591 = -5*m. List the prime factors of m.
5, 23
Let r(p) = p**3 - 4*p**2 + 4*p. Let z be r(3). Suppose 0*l = l - 16. Suppose -z*f + g = -16, 2*g + l = f - g. What are the prime factors of f?
2
Suppose 6*f - 4 = 4*f. Suppose -3*y = -2*y - f. List the prime factors of y.
2
Suppose -q = -4, 5*v - 6*q + q = 660. What are the prime factors of v?
2, 17
Let w be 1 + (0 + 0 - -3). Suppose w*d = 3*d + 16. What are the prime factors of d?
2
Suppose 6*j - 8*j + 4 = 0. What are the prime factors of j?
2
Let k(q) = -q**3 + q**2 + q + 37. What are the prime factors of k(0)?
37
Let z be (2 + 0)*(-10)/4. Let t(b) = b**2 + 4*b - 3. What are the prime factors of t(z)?
2
Suppose 0 = w - 0*w. List the prime factors of 2 - (w - 19 - -1).
2, 5
Let g = 23 + -6. Suppose -g + 1 = -4*t. What are the prime factors of t?
2
Suppose -5*v + 1262 = 157. What are the prime factors of v?
13, 17
Let r be (18/4)/(1/4). Let y = -11 + r. What are the prime factors of y - -2*(3 + -2)?
3
Let w(p) = p**3 + 4*p**2 - 7*p + 2. Suppose 0 = -4*v + 3*v - 5. Let y be w(v). Let r = -7 + y. List the prime factors of r.
5
Let d = 11 - 8. Let o be ((-8)/(-5))/((-10)/(-25)). Suppose 3*r + x = d*x + 19, -o*r + 5*x + 37 = 0. What are the prime factors of r?
3
Let y = 17 - 11. Let m = 2 - y. What are the prime factors of 1395/81 + m/18?
17
Let h = -7 + 206. List the prime factors of h.
199
Suppose 2*c + 26 = 130. List the prime factors of c.
2, 13
Let n = 3 - 0. Suppose 41 + 31 = n*o. What are the prime factors of o?
2, 3
Let b(v) = -v**2 + 7*v - 6. Let t be b(6). Suppose h - 4 - 2 = t. What are the prime factors of (h/(-15))/((-2)/70)?
2, 7
Let z(d) = -d**3 + 8*d**2 + 12*d + 7. What are the prime factors of z(9)?
2, 17
Suppose 3*i + 86 = -0*m + 4*m, 5*m + 5*i = 125. List the prime factors of m.
23
List the prime factors of ((4 + -3)/1)/((-8)/(-1512)).
3, 7
Suppose 2*t + 12 = 6*t. Suppose -q - t = -4*h, -3*h + 3*q + 2 = -7. What are the prime factors of (21 - 4)/(h + 1)?
17
List the prime factors of (-884)/3*(-18)/12.
2, 13, 17
Let c be (-4 - -1) + -8 + -7. Let j = 34 + c. List the prime factors of j.
2
Let j(z) = 5*z - 34. What are the prime factors of j(14)?
2, 3
Let c(j) = 16*j**2 + j - 4. List the prime factors of c(-3).
137
Let f = -176 - -343. List the prime factors of f.
167
Let n be ((-37)/1)/((-4)/16). Suppose -5*i + n + 27 = 0. What are the prime factors of i?
5, 7
Let x(d) = -d**2 - 6*d - 5. Let t be x(-4). Suppose 70 = -r + t*r. Suppose 0 = -3*z - 2*z + r. What are the prime factors of z?
7
Suppose 4*q - 8 = -0*q + 2*g, 3*q = g + 5. Suppose 3*x - 2*x + l = -q, -x + 11 = -3*l. What are the prime factors of x?
2
Let z(n) = -16*n + 56. What are the prime factors of z(-8)?
2, 23
List the prime factors of (-2064)/(-28) + 4/14.
2, 37
Let h = 6 + -4. Suppose 2*b + 5*j = 39, 4*b - 4*j - 12 = h*b. Let u = -8 + b. List the prime factors of u.
2
Suppose 3*l - 174 - 30 = 0. Let u = -40 + l. Suppose 118 = 5*v + u. What are the prime factors of v?
2, 3
Suppose -5*a + 118 + 87 = 0. What are the prime factors of a?
41
Suppose -4*z + 52 = -40. What are the prime factors of z?
23
What are the prime factors of 264/10 + 8/(-20)?
2, 13
Let b = -4 + 11. Let p be (-2 - b)*2*-1. Suppose 0 = -0*d + d - p. What are the prime factors of d?
2, 3
Let x = 24 - -16. List the prime factors of x.
2, 5
Let p be 4*-2 - -1*2. Let w = p - -6. Let h = 6 - w. What are the prime factors of h?
2, 3
Let r be -3*((-1 - 0) + 0). Suppose -4*i - 9 = -r*u, 0*u - 5*i = -5*u + 15. Suppose u*g - 3*a = 36, g + 3*g - 5*a = 50. List the prime factors of g.
2, 5
Let a = 27 - 16. List the prime factors of a.
11
Suppose -2*f + 39 + 25 = 0. Let l = 54 - f. List the prime factors of l.
2, 11
Let j be 2/(28/6)*7. Let b(f) = 3*f - 1. What are the prime factors of b(j)?
2
Let s(k) = 14*k**2 - 4*k + 11. What are the prime factors of s(3)?
5
Suppose 2*h + 1114 = 4*v - 0*h, 5*h = -v + 306. What are the prime factors of v?
281
Suppose -z = -0*z - 46. What are the prime factors of z?
2, 23
Suppose 361 - 88 = x - 3*j, 2*j = 0. List the prime factors of x.
3, 7, 13
Let w be 3*4/(0 - -4). Suppose -4*p - w*z = -248 + 85, 5*z = 3*p - 115. What are the prime factors of p?
2, 5
Let b(y) = y**2 + 6*y + 7. Let d be b(-6). Suppose 11 + d = 2*l. List the prime factors of l.
3
Let l = -492 + -860. List the prime factors of 4/18 + l/(-72).
19
Let p(a) = 9*a. Let f be (1 - 5) + (-4)/(-2). Let i be p(f). List the prime factors of 2/(-9) + (-166)/i.
3
Let g(d) be the third derivative of 4*d**2 + 0*d - 2/3*d**3 - 1/60*d**5 + 0 + 1/4*d**4. List the prime factors of g(4).
2
Let i be 3 - 0/(-3) - -1. What are the prime factors of ((-2)/(-4))/(i/120)?
3, 5
Suppose 4*h + i - 9 = 4*i, -2*h + 9 = 3*i. Suppose 6 = 4*p - 6. What are the prime factors of p*h*10/9?
2, 5
Let k = 15 + -10. Let x(y) = -y**2 + 7*y. Let t be x(k). Suppose -z + t = -0*z. List the prime factors of z.
2, 5
Suppose 5*r = -5*n, 2*n - 3*r = -3*n. S